t of 40210?
4
What is the hundreds digit of 65110?
1
What is the thousands digit of 2018?
2
What is the thousands digit of 1651?
1
What is the tens digit of 980?
8
What is the units digit of 14158?
8
What is the units digit of 959?
9
What is the tens digit of 5029?
2
What is the thousands digit of 6366?
6
What is the hundreds digit of 308?
3
What is the thousands digit of 19519?
9
What is the units digit of 1972?
2
What is the units digit of 35378?
8
What is the ten thousands digit of 13665?
1
What is the units digit of 1550?
0
What is the hundreds digit of 3519?
5
What is the ten thousands digit of 16677?
1
What is the ten thousands digit of 52245?
5
What is the tens digit of 14537?
3
What is the units digit of 2944?
4
What is the hundreds digit of 3330?
3
What is the hundreds digit of 210?
2
What is the units digit of 19022?
2
What is the thousands digit of 2948?
2
What is the hundreds digit of 19157?
1
What is the hundreds digit of 49259?
2
What is the units digit of 12315?
5
What is the thousands digit of 2336?
2
What is the hundreds digit of 958?
9
What is the tens digit of 312?
1
What is the units digit of 15382?
2
What is the hundreds digit of 9584?
5
What is the thousands digit of 4755?
4
What is the tens digit of 2980?
8
What is the units digit of 5961?
1
What is the tens digit of 42417?
1
What is the units digit of 11757?
7
What is the hundreds digit of 273?
2
What is the units digit of 2842?
2
What is the units digit of 24083?
3
What is the hundreds digit of 20367?
3
What is the hundreds digit of 182?
1
What is the tens digit of 449?
4
What is the hundreds digit of 8810?
8
What is the ten thousands digit of 74153?
7
What is the ten thousands digit of 21888?
2
What is the tens digit of 723?
2
What is the thousands digit of 45996?
5
What is the hundreds digit of 3851?
8
What is the units digit of 56140?
0
What is the units digit of 186?
6
What is the tens digit of 18578?
7
What is the hundreds digit of 173?
1
What is the hundreds digit of 19472?
4
What is the tens digit of 50515?
1
What is the tens digit of 1144?
4
What is the tens digit of 3182?
8
What is the ten thousands digit of 61507?
6
What is the hundreds digit of 30925?
9
What is the thousands digit of 6227?
6
What is the units digit of 14655?
5
What is the ten thousands digit of 21507?
2
What is the thousands digit of 2275?
2
What is the tens digit of 78964?
6
What is the thousands digit of 3946?
3
What is the hundreds digit of 66377?
3
What is the tens digit of 454?
5
What is the units digit of 633?
3
What is the units digit of 6166?
6
What is the thousands digit of 15172?
5
What is the ten thousands digit of 19486?
1
What is the thousands digit of 10671?
0
What is the thousands digit of 32285?
2
What is the hundreds digit of 527?
5
What is the units digit of 5265?
5
What is the units digit of 8376?
6
What is the units digit of 1754?
4
What is the thousands digit of 23375?
3
What is the tens digit of 138?
3
What is the tens digit of 1683?
8
What is the hundreds digit of 21826?
8
What is the thousands digit of 9415?
9
What is the thousands digit of 6205?
6
What is the hundreds digit of 172?
1
What is the thousands digit of 2959?
2
What is the units digit of 7251?
1
What is the thousands digit of 7388?
7
What is the units digit of 8289?
9
What is the units digit of 7366?
6
What is the tens digit of 692?
9
What is the units digit of 920?
0
What is the hundreds digit of 1111?
1
What is the tens digit of 44878?
7
What is the ten thousands digit of 15116?
1
What is the ten thousands digit of 10059?
1
What is the units digit of 6634?
4
What is the thousands digit of 6552?
6
What is the tens digit of 774?
7
What is the ten thousands digit of 16266?
1
What is the hundreds digit of 1299?
2
What is the tens digit of 55615?
1
What is the tens digit of 22563?
6
What is the tens digit of 257?
5
What is the thousands digit of 1712?
1
What is the thousands digit of 3072?
3
What is the hundreds digit of 1242?
2
What is the tens digit of 156?
5
What is the thousands digit of 34616?
4
What is the hundreds digit of 8649?
6
What is the tens digit of 515?
1
What is the hundreds digit of 1882?
8
What is the ten thousands digit of 22547?
2
What is the units digit of 37120?
0
What is the units digit of 15?
5
What is the hundreds digit of 4432?
4
What is the hundreds digit of 400?
4
What is the ten thousands digit of 23302?
2
What is the thousands digit of 2976?
2
What is the thousands digit of 3970?
3
What is the tens digit of 36116?
1
What is the hundreds digit of 1405?
4
What is the thousands digit of 2162?
2
What is the units digit of 3714?
4
What is the thousands digit of 1470?
1
What is the units digit of 360?
0
What is the tens digit of 6105?
0
What is the tens digit of 9818?
1
What is the tens digit of 4327?
2
What is the hundreds digit of 19206?
2
What is the tens digit of 11675?
7
What is the tens digit of 648?
4
What is the tens digit of 997?
9
What is the thousands digit of 9460?
9
What is the tens digit of 1500?
0
What is the units digit of 485?
5
What is the hundreds digit of 999?
9
What is the hundreds digit of 474?
4
What is the tens digit of 1679?
7
What is the tens digit of 1666?
6
What is the hundreds digit of 928?
9
What is the ten thousands digit of 24753?
2
What is the thousands digit of 1344?
1
What is the thousands digit of 1229?
1
What is the units digit of 20220?
0
What is the units digit of 461?
1
What is the units digit of 5231?
1
What is the hundred thousands digit of 129241?
1
What is the units digit of 5664?
4
What is the tens digit of 58770?
7
What is the tens digit of 1284?
8
What is the units digit of 5793?
3
What is the ten thousands digit of 144899?
4
What is the ten thousands digit of 34293?
3
What is the tens digit of 259?
5
What is the tens digit of 2822?
2
What is the ten thousands digit of 11625?
1
What is the ten thousands digit of 26036?
2
What is the hundreds digit of 10038?
0
What is the thousands digit of 24532?
4
What is the thousands digit of 6745?
6
What is the tens digit of 54500?
0
What is the units digit of 75558?
8
What is the tens digit of 4232?
3
What is the units digit of 1134?
4
What is the units digit of 5106?
6
What is the tens digit of 111379?
7
What is the hundreds digit of 1412?
4
What is the units digit of 64412?
2
What is the ten thousands digit of 28233?
2
What is the units digit of 18359?
9
What is the ten thousands digit of 64315?
6
What is the hundreds digit of 5521?
5
What is the ten thousands digit of 10774?
1
What is the thousands digit of 6047?
6
What is the hundreds digit of 2749?
7
What is the ten thousands digit of 29589?
2
What is the tens digit of 54631?
3
What is the units digit of 9212?
2
What is the thousands digit of 1267?
1
What is the tens digit of 6253?
5
What is the tens digit of 15893?
9
What is the tens digit of 85910?
1
What is the hundreds digit of 36117?
1
What is the thousands digit of 5883?
5
What is the hundreds digit of 107967?
9
What is the units digit of 89506?
6
What is the hundreds digit of 417?
4
What is the tens digit of 177?
7
What is the tens digit of 273?
7
What is the units digit of 784?
4
What is the thousands digit of 6835?
6
What is the tens digit of 32479?
7
What is the hundreds digit of 26155?
1
What is the ten thousands digit of 24734?
2
What is the tens digit of 1254?
5
What is the hundreds digit of 248?
2
What is the tens digit of 373?
7
What is the units digit of 344?
4
What is the hundreds digit of 1403?
4
What is the tens digit of 166063?
6
What is the tens digit of 26498?
9
What is the hundreds digit of 10233?
2
What is the thousands digit of 26415?
6
What is the thousands digit of 6333?
6
What is the thousands digit of 2038?
2
What is the units digit of 891?
1
What is the hundreds digit of 14025?
0
What is the units digit of 2726?
6
What is the tens digit of 9805?
0
What is the tens digit of 3742?
4
What is the thousands digit of 17627?
7
What is the tens digit of 61917?
1
What is the tens digit of 6976?
7
What is the units digit of 23545?
5
What is the units digit of 10984?
4
What is the thousands digit of 3943?
3
What is the units digit of 5470?
0
What is the thousands digit of 2287?
2
What is the units digit of 849?
9
What is the hundreds digit of 4550?
5
What is the tens digit